0 = -b, 0 = 5*b - c - 944. What is the tens digit of b?
8
Let y = 7 + -8. Let d = y + 5. Let k(a) = a**2 + 3. What is the tens digit of k(d)?
1
Suppose 3*p + 3*u - 459 = 0, -2*p + 3*u + u + 282 = 0. What is the hundreds digit of p?
1
Let a(i) = i - 7. Let h be a(10). Suppose -h*m = -2*c - 17, -2*m - 4*c = -2*c + 2. Suppose k - m*s = 0, k + 5*s = -k + 44. What is the units digit of k?
2
Suppose 5*y + 206 + 254 = 3*x, -5*x + 4*y = -745. What is the tens digit of x?
4
Suppose -2*d - 2*a = -0*d + 12, -d + 3*a = -14. What is the units digit of d + 9 + -7 + 4?
5
Let g(a) = -a + 1. Let k = -1 - 6. What is the units digit of g(k)?
8
Let w = 116 - 83. What is the tens digit of w?
3
Let x = 7 + -4. Suppose -r - 68 = 2*r - 2*j, j - 70 = x*r. What is the units digit of 2/(-3) - r/9?
2
Suppose 3*l - 4 = l. Suppose -3*s = l*f - 5, 2*s - f - 2*f = 25. What is the units digit of s?
5
Let a be ((-1)/2)/((-6)/(-24)). Let q = a + 17. What is the tens digit of q?
1
Let z be (59 - 1)*(-4)/(-8). Let c be z/4 - (-3)/(-12). Let m(n) = 2*n - 2. What is the tens digit of m(c)?
1
Let r(b) = b**3 - 8*b**2 + 7*b + 5. Let j be r(7). Suppose 5*d = -3*f + 78, 5*d + j*f = 34 + 36. What is the units digit of d?
8
Let s be 3/4 - 18/(-8). Let r be 0 - s - -2 - -7. Let z = r + -2. What is the units digit of z?
4
Suppose -214 = -4*v + 14. What is the units digit of v?
7
Let p = 24 - 38. What is the units digit of 137/9 + p/63?
5
Suppose -352 = 5*d - 1167. What is the tens digit of d?
6
Let d(c) = c**2 - 2*c + 1. Let j be d(3). Let h = j - 3. What is the units digit of (h/(-3))/((-2)/6)?
1
Suppose 20 = -b + 6*b. What is the units digit of b?
4
Let t(h) = -h + 3. Suppose -3*a - 2 = -5*s + 1, -5 = -2*s + 5*a. Let l be t(s). Let o = 7 - l. What is the units digit of o?
4
Let q(f) = 2*f - 4*f + 0*f + 3 - 5*f. Let o be q(2). Let x = -5 - o. What is the units digit of x?
6
Suppose -3*u = 15, k - 163 = -u + 4*u. What is the hundreds digit of k?
1
Suppose -1 = f, -3*i + f + 37 = -0*i. Suppose 4*x - i = 4. Suppose x*a = -a - l + 14, -a + 3*l = -6. What is the units digit of a?
3
Let c(y) = 2*y - 2. What is the tens digit of c(15)?
2
Suppose -4*l = 4*z + 32, 15 = -2*l + 5. Let v = z + 8. Suppose x - 2*t = -0*t + 20, v*x - 55 = -5*t. What is the units digit of x?
4
Suppose -5*d + 19 + 41 = 0. Suppose 7*t = 3*t + d. What is the units digit of t?
3
Let j(g) be the third derivative of g**6/90 + g**4/24 + g**3/2 + 2*g**2. Let o(x) be the first derivative of j(x). What is the units digit of o(-1)?
5
Suppose 4*q = 4*y - 492, -3 = -2*q - 1. Suppose 0*c + y = 4*c. What is the tens digit of c?
3
Let c = 159 - 96. What is the units digit of c?
3
Let p = 363 - 238. What is the units digit of p?
5
What is the units digit of 8206/55 - 2/10?
9
Suppose -10 = -5*r, -d - 2*r - 2 = -5. Let o = 1 + d. Suppose o = 2*c + c - 15. What is the units digit of c?
5
Let z = 310 - 82. What is the units digit of z?
8
Suppose 0 = -o - 3*r + 13, -5*o = 2*r - r - 51. What is the tens digit of o?
1
Suppose -3*y + 4*y = -1. What is the tens digit of ((-8)/y)/((-2)/(-3))?
1
Suppose 3*i - 5*i = -124. What is the units digit of i?
2
Let j = 16 - 9. What is the units digit of j?
7
Suppose -z = -5*h - 6*z - 5, -5 = -4*h + 5*z. Suppose -5*b = -h*b. Suppose 3 = 3*s + 5*t - 13, -2*t + 4 = b. What is the units digit of s?
2
Let p = 24 - 10. What is the units digit of p?
4
Suppose -2*d + 0*q - 42 = -q, 8 = -4*q. Let y = 21 - d. What is the tens digit of y?
4
Let v(p) = -p + 9. Let x be v(7). Suppose b - x - 9 = 0. What is the units digit of b?
1
Let o(z) = -18 - z + 14 + 3*z. Let i be o(6). What is the units digit of -6*i/(-30)*5?
8
Let i(n) = -n. Let g(p) = 5*p + 5. Let m(o) = g(o) + 3*i(o). What is the units digit of m(3)?
1
Let x be (-737)/(-22) + 3/2. Suppose -4*q = 4*n - 112, -2*n + 2*q + x = -29. What is the units digit of n?
0
Suppose 137 = 5*i + 7. What is the tens digit of i?
2
Let o = -33 - -69. What is the units digit of o?
6
Let z = 1 + 3. What is the units digit of z?
4
Let k = -87 + 203. Suppose -130 = -5*a + 5*h, h - 3*h = 4*a - k. What is the tens digit of a?
2
Let b(i) = 8*i - 2. What is the units digit of b(6)?
6
Suppose 0*m - 3*m = -156. Suppose -3*t - c = 4 - m, 4*t + 4*c - 64 = 0. What is the tens digit of t?
1
Suppose -157 = -4*r - v, 212 = 2*r + 3*r - 4*v. What is the units digit of r?
0
Let m = -6 - -17. Let v = m + -32. Let p = 29 + v. What is the units digit of p?
8
Let t(d) = -8 - 6*d + 4 - 1. What is the units digit of t(-4)?
9
Let s(x) = -20*x - 6. Let h be s(3). Let y = h - -98. What is the units digit of y?
2
Suppose 22 - 94 = -4*s. Suppose 5*g - 20 = 5*l, 4*g - s = l + 4*l. What is the units digit of g?
2
Let d be (48/(-30))/(2/(-5)). Suppose d*z = -0*z + 4*b - 88, 2*z - b = -40. Let k = 30 + z. What is the tens digit of k?
1
Suppose -25 = 5*q, 2*m = 2*q - 51 + 231. What is the units digit of m?
5
Let a = 8 + -5. Suppose -a*t = -8*t + 60. What is the tens digit of t?
1
Let h(k) = k**2 - k. Let c(v) = -3*v**2 + 2*v. Let b(m) = -c(m) - 2*h(m). What is the units digit of b(-3)?
9
Let q(c) = -5*c - 13. Let k(o) = 4*o + 12. Let s(x) = 6*k(x) + 5*q(x). What is the units digit of s(3)?
4
Let o be ((-56)/21)/(4/(-6)). Suppose -5*g = 0, -o*g - 31 = -5*b + 29. What is the units digit of b?
2
Let k(w) be the first derivative of w**4/4 - 7*w**3/3 + 3*w**2 + 4*w - 2. What is the units digit of k(6)?
4
Let h(k) = -3*k**3 - 5*k**2 - 6*k - 4. What is the tens digit of h(-4)?
3
Let s(a) = a**3 - 4*a**2 - a + 5. Let u be s(4). Let d(p) = 5*p - 5*p**2 + 2*p**2 + 4 + u - p**3. What is the units digit of d(-4)?
1
What is the units digit of 48 + (1 - -1 - 1)?
9
Let f(x) = 3*x**2 + 13*x + 5. What is the tens digit of f(-6)?
3
Suppose 4*a + i = -299, 3*a - 2*i + 150 = -66. What is the units digit of a/(-10) - 12/(-20)?
8
Let l(s) = -s**3 - 3*s**2 - s - 2. Let v be l(-3). Let d be 2/((1/(-2))/v). What is the units digit of (-3)/2*(d - -2)?
3
Suppose 6*z = 3*z + 15. Let s be (-78)/(-1) + 2 + 2. Suppose -32 = z*n - s. What is the units digit of n?
0
Suppose -5*n = -4*n - 2. Let a = n - 2. Let d(m) = m**2 + 8. What is the units digit of d(a)?
8
Suppose -x + 8 = -0*j + 3*j, 5*x = 5*j - 40. Let r be (-24)/j*(-1)/(-2). Let t = 10 + r. What is the units digit of t?
7
Suppose 4*o + 0*o - 100 = 0. What is the units digit of o?
5
Let j = -20 - -22. Suppose j*s = 3*m + 34, -m - 39 + 2 = -3*s. What is the units digit of s?
1
Let k be ((-12)/(-5))/((-3)/(-10)). Let j = k - 1. What is the units digit of j?
7
Suppose 0 = 3*k - h - 380, 4*h + 33 = 13. What is the units digit of k?
5
Let b = -23 - -43. What is the tens digit of b?
2
Suppose 0 = 2*c - 10*c + 296. What is the tens digit of c?
3
Let o be (4/(-3))/(6/(-9)). Let j be (12/(-7))/(o/(-7)). Suppose 0 = -2*s + j. What is the units digit of s?
3
Let l = 27 + -7. What is the tens digit of l?
2
Let q = 0 - -4. What is the units digit of (q/(-6))/(6/(-99))?
1
Let b be (-111)/(-15) - (-2)/(-5). Suppose 4*c = 3*t - b, -4*c + 2*t - t + 3 = 0. What is the units digit of (1 + 0/c)/1?
1
Let h(o) = o**3 + 5*o**2 + 3*o - 2. Let s be h(-4). Let d(a) = -3*a - 3*a**2 + 4*a**2 - s - 7*a + 0. What is the units digit of d(11)?
9
Suppose -273 = -4*g + 115. What is the units digit of g?
7
Suppose t = -4*d - d, 4*d = 5*t. What is the tens digit of (3 - t - -29) + -3?
2
Let p be 2/((-12)/(-9))*14. Suppose 23 = c - 3*h, c - 4*h - p = 7. What is the units digit of c?
8
Suppose -4*f - 4*j - 12 = 0, 5*f + 9 + 6 = -j. Let s be -5*(f/(-5))/(-1). Suppose -27 = -s*i - 0. What is the units digit of i?
9
Suppose 2*d = 0, m + 50 = 6*m - 4*d. Suppose f - m = 20. What is the tens digit of (16/(-10) + 2)*f?
1
Let o(r) = r**3 - 4*r**2 - 3*r - 5. Let p be o(5). Suppose 0 = 6*z - 3*z. Suppose z*i = p*i - 20. What is the units digit of i?
4
What is the units digit of 137/3 + (-6)/(-18)?
6
Let h = -64 - -161. What is the units digit of h?
7
Suppose -2*r + 2*x = 16 - 90, -r + 5*x + 45 = 0. What is the tens digit of r?
3
Suppose -6*g - 390 = -16*g. What is the units digit of g?
9
Suppose -12 = -3*c - 2*o, 4*c - 2*o - 16 = 3*o. Suppose 99 = c*s - 37. What is the tens digit of s?
3
Let c(q) = q - 15. Let f(d) = -8. Let w(i) = 3*c(i) - 5*f(i). What is the tens digit of w(9)?
2
Suppose -4*d = -5*a - 126, 4*d + 2*a = 3*d + 25. Wha